{"id":142,"date":"2012-02-14T22:48:18","date_gmt":"2012-02-14T22:48:18","guid":{"rendered":"http:\/\/www.seslikuranmeali.com\/?page_id=142"},"modified":"2025-08-31T21:06:07","modified_gmt":"2025-08-31T21:06:07","slug":"indirilis-sirasina-gore-kuran","status":"publish","type":"page","link":"https:\/\/www.seslikuranmeali.com\/","title":{"rendered":"\u0130ndirili\u015f S\u0131ras\u0131na G\u00f6re Kur&#8217;an-\u0131 Kerim Meali"},"content":{"rendered":"\n<h3 class=\"wp-block-heading has-text-align-center\">Prof.Dr. Ya\u015far Nuri<\/h3>\n\n\n\n\n\n\n\n\n\n\n\n<script async src=\"https:\/\/pagead2.googlesyndication.com\/pagead\/js\/adsbygoogle.js?client=ca-pub-9920575454273944\"\n     crossorigin=\"anonymous\"><\/script>\n<!-- dikey -->\n<ins class=\"adsbygoogle\"\n     style=\"display:block\"\n     data-ad-client=\"ca-pub-9920575454273944\"\n     data-ad-slot=\"8576346984\"\n     data-ad-format=\"auto\"\n     data-full-width-responsive=\"true\"><\/ins>\n<script>\n     (adsbygoogle = window.adsbygoogle || []).push({});\n<\/script>\n\n\n\n\n<!DOCTYPE html>\n<html lang=\"tr\">\n<head>\n    <meta charset=\"UTF-8\">\n    <title>YouTube Playlist Player<\/title>\n    <script src=\"https:\/\/code.jquery.com\/jquery-3.6.0.min.js\"><\/script>\n    <script src=\"https:\/\/www.youtube.com\/iframe_api\"><\/script>\n    <style>\n        body {\n            font-family: Arial, sans-serif;\n            background-color: #f7f7f7;\n            text-align: center;\n            padding: 20px;\n        }\n        #player-container {\n            max-width: 600px;\n            margin: 0 auto;\n            background-color: #fff;\n            border: 2px solid #ccc;\n            border-radius: 10px;\n            padding: 20px;\n            box-shadow: 0 4px 8px rgba(0, 0, 0, 0.1);\n        }\n        #play-control {\n            display: flex;\n            align-items: center;\n            justify-content: space-between;\n            padding: 10px;\n            border-bottom: 1px solid #ddd;\n            margin-bottom: 15px;\n        }\n        #play-btn, #resume-btn, #restart-btn {\n            background-color: #007bff;\n            color: #fff;\n            border: none;\n            padding: 8px 16px;\n            border-radius: 5px;\n            cursor: pointer;\n            font-size: 1em;\n            transition: background-color 0.3s ease;\n            margin-right: 10px;\n        }\n        #play-btn:hover, #resume-btn:hover, #restart-btn:hover {\n            background-color: #0056b3;\n        }\n        #status {\n            font-weight: bold;\n            color: #666;\n        }\n        #seek-bar {\n            width: 100%;\n            margin-top: 10px;\n        }\n        #playlist-container {\n            max-height: 550px;\n            overflow-y: auto;\n            margin-top: 0px;\n        }\n        #playlist {\n            list-style-type: none;\n            padding: 0;\n            margin: 0;\n        }\n        #playlist li {\n            padding: 12px;\n            margin: 5px 0;\n            background-color: #e9ecef;\n            border-radius: 5px;\n            cursor: pointer;\n            font-size: 1em;\n            transition: background-color 0.3s ease;\n        }\n        #playlist li:hover {\n            background-color: #dcdfe3;\n        }\n        #playlist li.active {\n            background-color: #007bff;\n            color: white;\n            font-weight: bold;\n        }\n    <\/style>\n<\/head>\n<body>\n\n<div id=\"player-container\">\n    <div id=\"play-control\">\n        <button id=\"play-btn\">Ba\u015flat<\/button>\n       <!-- <button id=\"resume-btn\">Kald\u0131\u011f\u0131 Yerden Devam Et<\/button>-->\n        <button id=\"restart-btn\">Ba\u015ftan Ba\u015flat<\/button>\n        <span id=\"status\">Durduruldu<\/span>\n    <\/div>\n    <input type=\"range\" id=\"seek-bar\" value=\"0\" min=\"0\" max=\"100\" step=\"1\">\n    <div id=\"youtube-player\"><\/div>\n    <div id=\"playlist-container\">\n        <ul id=\"playlist\">\n           <li data-video-id=\"HedopmMYKsA\">1.Alak Suresi Meali<\/li>\n<li data-video-id=\"RgDywjhY_aM\">2.Kalem Suresi Meali<\/li>\n<li data-video-id=\"9gBBFo13-rE\">3.Muzemmil Suresi Meali<\/li>\n<li data-video-id=\"NYm83Z-QSpM\">4.Muddesir Suresi Meali<\/li>\n<li data-video-id=\"HGn8JQenJe4\">5.Fatiha Suresi T\u00fcrk\u00e7e Meali<\/li>\n<li data-video-id=\"ru2sy6DbAv8\">6.Tebbet Suresi Meali<\/li>\n<li data-video-id=\"fxIX78EgQJY\">7.Tekvir Suresi Meali<\/li>\n<li data-video-id=\"5PVCL4DJKDY\">8.Ala Suresi Meali<\/li>\n<li data-video-id=\"3C75hCjASKI\">9.Leyl Suresi Meali<\/li>\n<li data-video-id=\"Ggl6mjijstk\">10.Fecr Suresi Meali<\/li>\n<li data-video-id=\"8wHX3mnHrNE\">11.Duha Suresi Meali<\/li>\n<li data-video-id=\"DgP3TMGRH2M\">12.Insirah Suresi Meali<\/li>\n<li data-video-id=\"qSXAh2Jesbs\">13.Asr Suresi Meali<\/li>\n<li data-video-id=\"QDm37CSlcUE\">14.Adiyat Suresi Meali<\/li>\n<li data-video-id=\"J7L2136deiQ\">15.Kevser Suresi Meali<\/li>\n<li data-video-id=\"1Gq48UP2ImU\">16.Tekasur Suresi Meali<\/li>\n<li data-video-id=\"7pwKNzSHFpg\">17.Maun Suresi Meali<\/li>\n<li data-video-id=\"BC0DlYKJF5E\">18.Kafirun Suresi Meali<\/li>\n<li data-video-id=\"OgmhkAWv46s\">19.Fil Suresi Meali<\/li>\n<li data-video-id=\"0DpKqsCDWYo\">20.Felak Suresi Meali<\/li>\n<li data-video-id=\"qDj35JhHlOQ\">21.Nas Suresi Meali<\/li>\n<li data-video-id=\"04gQ5wPtCfw\">22.Ihlas Suresi Meali<\/li>\n<li data-video-id=\"027B9dHvKSY\">23.Necm Suresi Meali<\/li>\n<li data-video-id=\"HCxWMirgcHs\">24.Abese Suresi Meali<\/li>\n<li data-video-id=\"drg9s_rdoiI\">25.Kadr Suresi Meali<\/li>\n<li data-video-id=\"d0FVM0qzPKc\">26.Sems Suresi Meali<\/li>\n<li data-video-id=\"j6Zqu1kXVgc\">27.Buruc Suresi Meali<\/li>\n<li data-video-id=\"I5SmvpKe7qI\">28.Tin Suresi Meali<\/li>\n<li data-video-id=\"dri2-K5-hVY\">29.Kureys Suresi Meali<\/li>\n<li data-video-id=\"yi2hYKGk5U8\">30.Karia Suresi Meali<\/li>\n<li data-video-id=\"s0EDWJLEMuU\">31.Kiyame Suresi Meali<\/li>\n<li data-video-id=\"iL-kZ169aQc\">32.Humeze Suresi Meali<\/li>\n<li data-video-id=\"N-lslHcLoVI\">33.Murselat Suresi Meali<\/li>\n<li data-video-id=\"g2QObTxVCEs\">34.Kaf Suresi Meali<\/li>\n<li data-video-id=\"PdwRKCTggm4\">35.Beled Suresi Meali<\/li>\n<li data-video-id=\"S8hI4QwabdM\">36.Tarik Suresi Meali<\/li>\n<li data-video-id=\"HxW4umaU0_E\">37.Kamer Suresi Meali<\/li>\n<li data-video-id=\"xVf7URndEfU\">38.Sad Suresi Meali<\/li>\n<li data-video-id=\"XRDdP-yKmsg\">39.Araf Suresi Meali<\/li>\n<li data-video-id=\"KmDEjYNKGiw\">40.Cin Suresi Meali<\/li>\n<li data-video-id=\"REbYbh_TMEQ\">41.Yasin Suresi Meali<\/li>\n<li data-video-id=\"Q69_tZAiFmY\">42.Furkan Suresi Meali<\/li>\n<li data-video-id=\"4YEi1yUoss0\">43.Fatir Suresi Meali<\/li>\n<li data-video-id=\"pCNefB6dwwU\">44.Meryem Suresi Meali<\/li>\n<li data-video-id=\"LS0JTEtrxZY\">45.Taha Suresi Meali<\/li>\n<li data-video-id=\"5jLk50MO-MY\">46.Vakia Suresi Meali<\/li>\n<li data-video-id=\"FIiA7p5c0Pc\">47.Suara Suresi Meali<\/li>\n<li data-video-id=\"Rfdbga-dVUE\">48.Neml Suresi Meali<\/li>\n<li data-video-id=\"G2hcjmtZ97g\">49.Kasas Suresi Meali<\/li>\n<li data-video-id=\"MvK90ZNHhVY\">50.Isra Suresi Meali<\/li>\n<li data-video-id=\"j85m_r_BY00\">51.Yunus Suresi Meali<\/li>\n<li data-video-id=\"9RAGYorZ2oU\">52.Hud Suresi Meali<\/li>\n<li data-video-id=\"zHlPTcsrixA\">53.Yusuf Suresi Meali<\/li>\n<li data-video-id=\"M3PgFcbIDN8\">54.Hicr Suresi Meali<\/li>\n<li data-video-id=\"8CH9vlJxzZo\">55.Enam Suresi Meali<\/li>\n<li data-video-id=\"vaIxgdSTByY\">56.Saffat Suresi Meali<\/li>\n<li data-video-id=\"RU0LjnIlHIY\">57.Lokman Suresi Meali<\/li>\n<li data-video-id=\"39ZHGRcCkVA\">58.Sebe Suresi Meali<\/li>\n<li data-video-id=\"UYY1UzY61bk\">59.Zumer Suresi Meali<\/li>\n<li data-video-id=\"QN-pI3Q4Okg\">60.Mumin Suresi Meali<\/li>\n<li data-video-id=\"La8zEoHHJik\">61.Fussilet Suresi Meali<\/li>\n<li data-video-id=\"0RBzbMKXIro\">62.Sura Suresi Meali<\/li>\n<li data-video-id=\"0w3j37TXE0Q\">63.Zuhruf Suresi Meali<\/li>\n<li data-video-id=\"aglSEWAesJ4\">64.Duhan Suresi Meali<\/li>\n<li data-video-id=\"xPIBa9NnYRE\">65.Casiye Suresi Meali<\/li>\n<li data-video-id=\"LXkJeWH6nzQ\">66.Ahkaf Suresi Meali<\/li>\n<li data-video-id=\"2JtkJnfuTzM\">67.Zariyat Suresi Meali<\/li>\n<li data-video-id=\"eFEf1kKjOG8\">68.Gasiye Suresi Meali<\/li>\n<li data-video-id=\"dUtk-A2LcCI\">69.Kehf Suresi Mali<\/li>\n<li data-video-id=\"VqBGIilRCMY\">70.Nahl Suresi Meali<\/li>\n<li data-video-id=\"Oqx-Pt-Z930\">71.Nuh Suresi Meali<\/li>\n<li data-video-id=\"BiqKsFjCy5s\">72.Ibrahim Suresi Meali<\/li>\n<li data-video-id=\"v6pRYRySHaY\">73.Enbiya Suresi Meali<\/li>\n<li data-video-id=\"n9xMbsOJR9Q\">74.Muminun Suresi Meali<\/li>\n<li data-video-id=\"5AIVjrv64bY\">75.Secde Suresi Meali<\/li>\n<li data-video-id=\"LdJonyOijRQ\">76.Tur Suresi Meali<\/li>\n<li data-video-id=\"pE38IGNVuk8\">77.Mulk Suresi Meali<\/li>\n<li data-video-id=\"5iWHkla26d0\">78.Hakka Suresi Meali<\/li>\n<li data-video-id=\"sTyUPq30cb0\">79.Mearic Suresi Meali<\/li>\n<li data-video-id=\"koL99mpUEpI\">80.Nebe Suresi Meali<\/li>\n<li data-video-id=\"7rHDCbg7uL4\">81.Naziat Suresi Meali<\/li>\n<li data-video-id=\"6rnwWLM_REA\">82.Infitar Suresi Meali<\/li>\n<li data-video-id=\"czt2UKoGFbQ\">83.Insikak Suresi Meali<\/li>\n<li data-video-id=\"w10UK7pVsZ8\">84.Rum Suresi Meali<\/li>\n<li data-video-id=\"M5W3OvHJ-UU\">85.Ankebut Suresi Meali<\/li>\n<li data-video-id=\"_9IIfcn_Wmw\">86.Mutaffifin Suresi Meali<\/li>\n<li data-video-id=\"v8YYLLtvE1I\">87.Bakara Suresi Meali<\/li>\n<li data-video-id=\"CCgO0sBoSkU\">88.Enfal Suresi Meali<\/li>\n<li data-video-id=\"VkMMohRDqKY\">89.Al i Imran Suresi Meali<\/li>\n<li data-video-id=\"uzWvfuG12Oc\">90.Ahzab Suresi Meali<\/li>\n<li data-video-id=\"QTrUqSYmXT4\">91.Mumtehine Suresi Meali<\/li>\n<li data-video-id=\"QxvNCuET6Yc\">92.Nisa Suresi T\u00fcrk\u00e7e Meali<\/li>\n<li data-video-id=\"ss0O3CbScl8\">93.Zilzal Suresi Meali<\/li>\n<li data-video-id=\"HF_ti6LlKIc\">94.Hadid Suresi Meali<\/li>\n<li data-video-id=\"LvIiBVBP0-4\">95.Muhammed Suresi Meali<\/li>\n<li data-video-id=\"nInsW2LkCQA\">96.Rad Suresi Meali<\/li>\n<li data-video-id=\"JuPolpPb7NI\">97.Rahman Suresi Meali<\/li>\n<li data-video-id=\"yw1dqXP-tNQ\">98.Insan Suresi Meali<\/li>\n<li data-video-id=\"bMYQGtnMmqQ\">99.Talak Suresi Meali<\/li>\n<li data-video-id=\"R5a0zYlgdC0\">100.Beyyine Suresi Meali<\/li>\n<li data-video-id=\"Km6ERda3Wtg\">101.Hasr Suresi Meali<\/li>\n<li data-video-id=\"n90vDJQJatk\">102.Nur Suresi Meali<\/li>\n<li data-video-id=\"RLdaC0GSACE\">103.Hac Suresi Meali<\/li>\n<li data-video-id=\"FlWrPZFJDSw\">104.Munafikun Suresi Meali<\/li>\n<li data-video-id=\"-D6pq2tOWT8\">105.Mucadele Suresi Meali<\/li>\n<li data-video-id=\"0X0zrZaf-oA\">106.Hucurat Suresi Meali<\/li>\n<li data-video-id=\"tooEutwB6eY\">107.Tahrim Suresi Meali<\/li>\n<li data-video-id=\"0pwvJk5dNp8\">108.Tegabun Suresi Meali<\/li>\n<li data-video-id=\"OG452ZUwCAU\">109.Saf Suresi Meali<\/li>\n<li data-video-id=\"in0IbOiPxBo\">110.Cuma Suresi Meali<\/li>\n<li data-video-id=\"FGbgx83SoE8\">111.Fetih Suresi Meali<\/li>\n<li data-video-id=\"nqEkOcUo6E4\">112.Maide Suresi Meali<\/li>\n<li data-video-id=\"OD2ELks0Lu0\">113.Tevbe Suresi Meali<\/li>\n<li data-video-id=\"w1eJ0lq34LE\">114.Nasr Suresi Meali<\/li>\n        <\/ul>\n    <\/div>\n<\/div>\n\n<script>\n    var player;\n    var isPlaying = false;\n    var lastPosition = 0;\n\n    function onYouTubeIframeAPIReady() {\n        player = new YT.Player('youtube-player', {\n            height: '0',\n            width: '0',\n            videoId: 'HedopmMYKsA',\n            playerVars: {\n                'autoplay': 0,\n                'controls': 1,\n                'enablejsapi': 1\n            },\n            events: {\n                'onReady': onPlayerReady,\n                'onStateChange': onPlayerStateChange\n            }\n        });\n    }\n\n    function onPlayerReady(event) {\n        updateSeekBarMax(); \/\/ Videoyu haz\u0131r oldu\u011funda \u00e7ubu\u011fu g\u00fcncelle\n        setInterval(updateSeekBar, 1000); \/\/ Her saniye \u00e7ubu\u011fu g\u00fcncelle\n    }\n\n   function onPlayerStateChange(event) {\n        if (event.data == YT.PlayerState.PAUSED) {\n            lastPosition = player.getCurrentTime();\n            isPlaying = false;\n            $('#play-btn').text('Ba\u015flat');\n            $('#status').text('Durduruldu');\n        } else if (event.data == YT.PlayerState.PLAYING) {\n            isPlaying = true;\n            $('#play-btn').text('Durdur');\n            $('#status').text('Oynat\u0131l\u0131yor');\n        } else if (event.data == YT.PlayerState.ENDED) {\n            isPlaying = false;\n            $('#play-btn').text('Ba\u015flat');\n            $('#status').text('Bitti');\n\n            \/\/ Bir sonraki elemana ge\u00e7\n            var currentItem = $('#playlist li.active');\n            var nextItem = currentItem.next('li');\n            if (nextItem.length > 0) { \/\/ E\u011fer bir sonraki eleman varsa\n                currentItem.removeClass('active');\n                nextItem.addClass('active');\n                var nextVideoId = nextItem.data('video-id');\n                player.loadVideoById(nextVideoId);\n                lastPosition = 0;\n                updateSeekBarMax();\n            }\n        }\n    }\n    \/\/ Seek bar'\u0131n maksimum de\u011ferini videonun s\u00fcresine g\u00f6re g\u00fcncelle\n    function updateSeekBarMax() {\n        var duration = player.getDuration();\n        $('#seek-bar').attr('max', duration);\n    }\n\n    \/\/ Seek bar'\u0131 videonun mevcut pozisyonuna g\u00f6re g\u00fcncelle\n    function updateSeekBar() {\n        if (isPlaying) {\n            var currentTime = player.getCurrentTime();\n            $('#seek-bar').val(currentTime);\n        }\n    }\n\n    $(document).ready(function() {\n        $('#playlist li:first-child').addClass('active');\n\n        \/\/ Ba\u015flat\/Durdur butonu\n        $('#play-btn').on('click', function() {\n            if (isPlaying) {\n                player.pauseVideo();\n            } else {\n                player.playVideo();\n            }\n        });\n\n        \/\/ Kald\u0131\u011f\u0131 yerden devam et butonu\n        $('#resume-btn').on('click', function() {\n            player.seekTo(lastPosition);\n            player.playVideo();\n        });\n\n        \/\/ Ba\u015ftan ba\u015flat butonu\n        $('#restart-btn').on('click', function() {\n            player.seekTo(0);\n            player.playVideo();\n        });\n\n        \/\/ Seek bar ile videoyu kontrol et\n        $('#seek-bar').on('input', function() {\n            var seekToTime = $(this).val();\n            player.seekTo(seekToTime);\n        });\n\n        \/\/ Playlist'ten video se\u00e7me\n        $('#playlist li').on('click', function() {\n            $('#playlist li').removeClass('active');\n            $(this).addClass('active');\n            var videoId = $(this).data('video-id');\n            player.loadVideoById(videoId);\n            lastPosition = 0;\n            updateSeekBarMax(); \/\/ Yeni video i\u00e7in \u00e7ubu\u011fu g\u00fcncelle\n        });\n    });\n<\/script>\n\n<\/body>\n<\/html>\n\n\n\n\n\n\n\n\n\n<script async src=\"https:\/\/pagead2.googlesyndication.com\/pagead\/js\/adsbygoogle.js?client=ca-pub-9920575454273944\"\n     crossorigin=\"anonymous\"><\/script>\n<!-- dikey -->\n<ins class=\"adsbygoogle\"\n     style=\"display:block\"\n     data-ad-client=\"ca-pub-9920575454273944\"\n     data-ad-slot=\"8576346984\"\n     data-ad-format=\"auto\"\n     data-full-width-responsive=\"true\"><\/ins>\n<script>\n     (adsbygoogle = window.adsbygoogle || []).push({});\n<\/script>\n\n","protected":false},"excerpt":{"rendered":"<p>Prof.Dr. Ya\u015far Nuri YouTube Playlist Player Ba\u015flat Ba\u015ftan Ba\u015flat Durduruldu 1.Alak Suresi Meali 2.Kalem Suresi Meali 3.Muzemmil Suresi Meali 4.Muddesir Suresi Meali 5.Fatiha Suresi T\u00fcrk\u00e7e Meali 6.Tebbet Suresi Meali 7.Tekvir Suresi Meali 8.Ala Suresi Meali 9.Leyl Suresi Meali 10.Fecr Suresi Meali 11.Duha Suresi Meali 12.Insirah Suresi Meali 13.Asr Suresi Meali 14.Adiyat Suresi Meali 15.Kevser Suresi &hellip; <\/p>\n<p><a class=\"more-link btn\" href=\"https:\/\/www.seslikuranmeali.com\/\">Devam\u0131n\u0131 oku<\/a><\/p>\n","protected":false},"author":1,"featured_media":0,"parent":0,"menu_order":0,"comment_status":"closed","ping_status":"closed","template":"template-twocolumnsleft.php","meta":{"footnotes":""},"aioseo_notices":[],"_links":{"self":[{"href":"https:\/\/www.seslikuranmeali.com\/index.php\/wp-json\/wp\/v2\/pages\/142"}],"collection":[{"href":"https:\/\/www.seslikuranmeali.com\/index.php\/wp-json\/wp\/v2\/pages"}],"about":[{"href":"https:\/\/www.seslikuranmeali.com\/index.php\/wp-json\/wp\/v2\/types\/page"}],"author":[{"embeddable":true,"href":"https:\/\/www.seslikuranmeali.com\/index.php\/wp-json\/wp\/v2\/users\/1"}],"replies":[{"embeddable":true,"href":"https:\/\/www.seslikuranmeali.com\/index.php\/wp-json\/wp\/v2\/comments?post=142"}],"version-history":[{"count":43,"href":"https:\/\/www.seslikuranmeali.com\/index.php\/wp-json\/wp\/v2\/pages\/142\/revisions"}],"predecessor-version":[{"id":452,"href":"https:\/\/www.seslikuranmeali.com\/index.php\/wp-json\/wp\/v2\/pages\/142\/revisions\/452"}],"wp:attachment":[{"href":"https:\/\/www.seslikuranmeali.com\/index.php\/wp-json\/wp\/v2\/media?parent=142"}],"curies":[{"name":"wp","href":"https:\/\/api.w.org\/{rel}","templated":true}]}}