{"id":6,"date":"2011-03-22T21:12:06","date_gmt":"2011-03-22T21:12:06","guid":{"rendered":"http:\/\/www.seslikuranmeali.com\/?page_id=6"},"modified":"2025-08-31T21:06:51","modified_gmt":"2025-08-31T21:06:51","slug":"turkce-kuran-meali","status":"publish","type":"page","link":"http:\/\/www.seslikuranmeali.com\/index.php\/turkce-kuran-meali","title":{"rendered":"Prof.Hamdi D\u00f6nd\u00fcren &#8211; Kur&#8217;an-\u0131 Kerim Meali"},"content":{"rendered":"\n\n\n\n\n\n\n<script async src=\"https:\/\/pagead2.googlesyndication.com\/pagead\/js\/adsbygoogle.js?client=ca-pub-9920575454273944\"\n     crossorigin=\"anonymous\"><\/script>\n<!-- dikey -->\n<ins class=\"adsbygoogle\"\n     style=\"display:block\"\n     data-ad-client=\"ca-pub-9920575454273944\"\n     data-ad-slot=\"8576346984\"\n     data-ad-format=\"auto\"\n     data-full-width-responsive=\"true\"><\/ins>\n<script>\n     (adsbygoogle = window.adsbygoogle || []).push({});\n<\/script>\n\n\n\n\n<!DOCTYPE html>\n<html lang=\"tr\">\n<head>\n    <meta charset=\"UTF-8\">\n    <title>YouTube Playlist Player<\/title>\n    <script src=\"https:\/\/code.jquery.com\/jquery-3.6.0.min.js\"><\/script>\n    <script src=\"https:\/\/www.youtube.com\/iframe_api\"><\/script>\n    <style>\n        body {\n            font-family: Arial, sans-serif;\n            background-color: #f7f7f7;\n            text-align: center;\n            padding: 20px;\n        }\n        #player-container {\n            max-width: 600px;\n            margin: 0 auto;\n            background-color: #fff;\n            border: 2px solid #ccc;\n            border-radius: 10px;\n            padding: 20px;\n            box-shadow: 0 4px 8px rgba(0, 0, 0, 0.1);\n        }\n        #play-control {\n            display: flex;\n            align-items: center;\n            justify-content: space-between;\n            padding: 10px;\n            border-bottom: 1px solid #ddd;\n            margin-bottom: 15px;\n        }\n        #play-btn, #resume-btn, #restart-btn {\n            background-color: #007bff;\n            color: #fff;\n            border: none;\n            padding: 8px 16px;\n            border-radius: 5px;\n            cursor: pointer;\n            font-size: 1em;\n            transition: background-color 0.3s ease;\n            margin-right: 10px;\n        }\n        #play-btn:hover, #resume-btn:hover, #restart-btn:hover {\n            background-color: #0056b3;\n        }\n        #status {\n            font-weight: bold;\n            color: #666;\n        }\n        #seek-bar {\n            width: 100%;\n            margin-top: 10px;\n        }\n        #playlist-container {\n            max-height: 550px;\n            overflow-y: auto;\n            margin-top: 0px;\n        }\n        #playlist {\n            list-style-type: none;\n            padding: 0;\n            margin: 0;\n        }\n        #playlist li {\n            padding: 12px;\n            margin: 5px 0;\n            background-color: #e9ecef;\n            border-radius: 5px;\n            cursor: pointer;\n            font-size: 1em;\n            transition: background-color 0.3s ease;\n        }\n        #playlist li:hover {\n            background-color: #dcdfe3;\n        }\n        #playlist li.active {\n            background-color: #007bff;\n            color: white;\n            font-weight: bold;\n        }\n    <\/style>\n<\/head>\n<body>\n\n<div id=\"player-container\">\n    <div id=\"play-control\">\n        <button id=\"play-btn\">Ba\u015flat<\/button>\n       <!-- <button id=\"resume-btn\">Kald\u0131\u011f\u0131 Yerden Devam Et<\/button>-->\n        <button id=\"restart-btn\">Ba\u015ftan Ba\u015flat<\/button>\n        <span id=\"status\">Durduruldu<\/span>\n    <\/div>\n    <input type=\"range\" id=\"seek-bar\" value=\"0\" min=\"0\" max=\"100\" step=\"1\">\n    <div id=\"youtube-player\"><\/div>\n    <div id=\"playlist-container\">\n        <ul id=\"playlist\">\n             <li data-video-id=\"1dU6tHqzpfI\">(1) Fatiha Suresi T\u00fcrk\u00e7e Meali Dinle<\/li>\n<li data-video-id=\"VrbgH8nFsik\">(2) Bakara Suresi T\u00fcrk\u00e7e Meali Dinle<\/li>\n<li data-video-id=\"G3U5nqVwqs4\">(3) Ali imran Suresi T\u00fcrk\u00e7e Meali Dinle<\/li>\n<li data-video-id=\"eBOwZMxuzkU\">(4) Nisa Suresi T\u00fcrk\u00e7e Meali Dinle<\/li>\n<li data-video-id=\"3YzTBGkeJsk\">(5) Maide Suresi T\u00fcrk\u00e7e Meali Dinle<\/li>\n<li data-video-id=\"_-8Gi-c1DPI\">(6) En-am Suresi T\u00fcrk\u00e7e Meali Dinle<\/li>\n<li data-video-id=\"fRQi9SyVYtc\">(7) Araf Suresi T\u00fcrk\u00e7e Meali Dinle<\/li>\n<li data-video-id=\"0RMaPd0lfsQ\">(8) Enfal Suresi T\u00fcrk\u00e7e Meali Dinle<\/li>\n<li data-video-id=\"LijItRPRsFQ\">(9) Tevbe Suresi T\u00fcrk\u00e7e Meali Dinle<\/li>\n<li data-video-id=\"82f3PqdwkzE\">(10) Yunus Suresi T\u00fcrk\u00e7e Meali Dinle<\/li>\n<li data-video-id=\"E6kikKYS1DA\">(11) Hud Suresi T\u00fcrk\u00e7e Meali Dinle<\/li>\n<li data-video-id=\"Dr3VJabT88k\">(12) Yusuf Suresi T\u00fcrk\u00e7e Meali Dinle<\/li>\n<li data-video-id=\"rj8QlQOXAdU\">(13) Rad Suresi T\u00fcrk\u00e7e Meali Dinle<\/li>\n<li data-video-id=\"pwE9kyx_uSE\">(14) Ibrahim Suresi T\u00fcrk\u00e7e Meali Dinle<\/li>\n<li data-video-id=\"ouaDW6QWBy4\">(15) Hicr Suresi T\u00fcrk\u00e7e Meali Dinle<\/li>\n<li data-video-id=\"ub5YSQcjqfE\">(16) Nahl Suresi T\u00fcrk\u00e7e Meali Dinle<\/li>\n<li data-video-id=\"qT1aPXwnUjA\">(17) Isra Suresi T\u00fcrk\u00e7e Meali Dinle<\/li>\n<li data-video-id=\"jaBIiTaiRJI\">(18) Kehf Suresi T\u00fcrk\u00e7e Meali Dinle<\/li>\n<li data-video-id=\"6aWgCkrWEMA\">(19) Meryem Suresi T\u00fcrk\u00e7e Meali Dinle<\/li>\n<li data-video-id=\"SOItrdxlCLo\">(20) Taha suresi t\u00fcrkce Meali Dinle<\/li>\n<li data-video-id=\"6nJdlloUJcI\">(21) Enbiya Suresi T\u00fcrk\u00e7e Meali Dinle<\/li>\n<li data-video-id=\"Rj3V8VaFiqo\">(22) Hac Suresi T\u00fcrk\u00e7e Meali Dinle<\/li>\n<li data-video-id=\"d7hURxppV0I\">(23) Muminun Suresi T\u00fcrk\u00e7e Meali Dinle<\/li>\n<li data-video-id=\"sjXZ526M5bE\">(24) Nur Suresi T\u00fcrk\u00e7e Meali Dinle<\/li>\n<li data-video-id=\"DvIma1WoQfQ\">(25) Furkan Suresi T\u00fcrk\u00e7e Meali Dinle<\/li>\n<li data-video-id=\"s2R7s3v79d0\">(26) \u015euar\u00e2 Suresi T\u00fcrk\u00e7e Meali Dinle<\/li>\n<li data-video-id=\"zUFki8WnDbA\">(27) Neml Suresi T\u00fcrk\u00e7e Meali Dinle<\/li>\n<li data-video-id=\"hIdVpiS7SWk\">(28) Kasas Suresi T\u00fcrk\u00e7e Meali Dinle<\/li>\n<li data-video-id=\"2JrbFMWKCRk\">(29) Ankebut Suresi T\u00fcrk\u00e7e Meali Dinle<\/li>\n<li data-video-id=\"PWwoCg09JC4\">(30) Rum Suresi T\u00fcrk\u00e7e Meali Dinle<\/li>\n<li data-video-id=\"N3Oe0TrZ9js\">(31) Lokman Suresi T\u00fcrk\u00e7e Meali Dinle<\/li>\n<li data-video-id=\"ogc8RvkXKTQ\">(32) Secde Suresi T\u00fcrk\u00e7e Meali Dinle<\/li>\n<li data-video-id=\"TxTmCUSNe4k\">(33) Ahzab Suresi T\u00fcrk\u00e7e Meali Dinle<\/li>\n<li data-video-id=\"oDwROv3oJ1g\">(34) Sebe Suresi T\u00fcrk\u00e7e Meali Dinle<\/li>\n<li data-video-id=\"HHXwyH4Hq4k\">(35) Fatir Suresi T\u00fcrk\u00e7e Meali Dinle<\/li>\n<li data-video-id=\"p6R9WBEaYhs\">(36) Yasin Suresi T\u00fcrk\u00e7e Meali Dinle<\/li>\n<li data-video-id=\"ROXc3IBOFlU\">(37) Saffat Suresi T\u00fcrk\u00e7e Meali Dinle<\/li>\n<li data-video-id=\"jcT4cW-xkOc\">(38) Sad Suresi T\u00fcrk\u00e7e Meali Dinle<\/li>\n<li data-video-id=\"ZFzZgbq3wXE\">(39) Z\u00fcmer Suresi T\u00fcrk\u00e7e Meali Dinle<\/li>\n<li data-video-id=\"LmMeEojpADA\">(40) M\u00fcmin Suresi T\u00fcrk\u00e7e Meali Dinle<\/li>\n<li data-video-id=\"wPdYIjPMO6M\">(41) Fussilet Suresi T\u00fcrk\u00e7e Meali Dinle<\/li>\n<li data-video-id=\"bGQdWQ36kyI\">(42) Sura Suresi T\u00fcrk\u00e7e Meali Dinle<\/li>\n<li data-video-id=\"wbMhfuJP258\">(43) Zuhruf Suresi T\u00fcrk\u00e7e Meali Dinle<\/li>\n<li data-video-id=\"-pzrDOGP77A\">(44) Duhan Suresi T\u00fcrk\u00e7e Meali Dinle<\/li>\n<li data-video-id=\"qWayxM8HDhM\">(45) Casiye Suresi T\u00fcrk\u00e7e Meali Dinle<\/li>\n<li data-video-id=\"KtGggG7uWms\">(46) Ahkaf Suresi T\u00fcrk\u00e7e Meali Dinle<\/li>\n<li data-video-id=\"NCxdCGjC4tQ\">(47) Muhammed Suresi T\u00fcrk\u00e7e Meali Dinle<\/li>\n<li data-video-id=\"XkIHOOniK28\">(48) Fetih Suresi T\u00fcrk\u00e7e Meali Dinle<\/li>\n<li data-video-id=\"AIbGfAS-hF8\">(49) Hucurat Suresi T\u00fcrk\u00e7e Meali Dinle<\/li>\n<li data-video-id=\"8tN3CfTgsBQ\">(50) Kaf Suresi T\u00fcrk\u00e7e Meali Dinle<\/li>\n<li data-video-id=\"W7eHhgTYC_4\">(51) Zariyat Suresi T\u00fcrk\u00e7e Meali Dinle<\/li>\n<li data-video-id=\"tqT8OI8aoG0\">(52) Tur Suresi T\u00fcrk\u00e7e Meali Dinle<\/li>\n<li data-video-id=\"7gsL60UIEXI\">(53) Necm Suresi T\u00fcrk\u00e7e Meali Dinle<\/li>\n<li data-video-id=\"EeQb0UWcIuM\">(54) Kamer Suresi T\u00fcrk\u00e7e Meali Dinle<\/li>\n<li data-video-id=\"70VNc5_siFY\">(55) Rahman Suresi T\u00fcrk\u00e7e Meali Dinle<\/li>\n<li data-video-id=\"Z8h8gIiVS2g\">(56) Vakia Suresi T\u00fcrk\u00e7e Meali Dinle<\/li>\n<li data-video-id=\"zbnhrgKnE8E\">(57) Hadid Suresi T\u00fcrk\u00e7e Meali DInle<\/li>\n<li data-video-id=\"tk4r1DTj7-0\">(58) M\u00fccadele Suresi T\u00fcrk\u00e7e Meali Dinle<\/li>\n<li data-video-id=\"x1hPCb4iu50\">(59) Hasr Suresi T\u00fcrk\u00e7e Meali Dinle<\/li>\n<li data-video-id=\"K6bg4TtA9ns\">(60) Mumtehine Suresi T\u00fcrk\u00e7e Meali Dinle<\/li>\n<li data-video-id=\"W3mvexX6tDM\">(61) Saf Suresi T\u00fcrk\u00e7e Meali Dinle<\/li>\n<li data-video-id=\"AeN2J1XOTHk\">(62( Cuma Suresi T\u00fcrk\u00e7e Meali Dinle<\/li>\n<li data-video-id=\"_s15owx4REg\">(63) Munafikun Suresi T\u00fcrk\u00e7e Meali Dinle<\/li>\n<li data-video-id=\"lbL5EACT30o\">(64) Tegabun Suresi T\u00fcrk\u00e7e Meali Dinle<\/li>\n<li data-video-id=\"q7jqW6tV72c\">(65) Talak Suresi T\u00fcrk\u00e7e Meali Dinle<\/li>\n<li data-video-id=\"_yhhBPc-ylM\">(66) Tahrim Suresi T\u00fcrk\u00e7e Meali Dinle<\/li>\n<li data-video-id=\"QfgKFt1682E\">(67) Mulk Suresi T\u00fcrk\u00e7e Meali Dinle<\/li>\n<li data-video-id=\"xyzD0yOr9Z8\">(68) Kalem Suresi T\u00fcrk\u00e7e Meali Dinle<\/li>\n<li data-video-id=\"amVIMkL--OI\">(69) Hakka Suresi T\u00fcrk\u00e7e Meali Dinle<\/li>\n<li data-video-id=\"ObMjPamVCEc\">(70) Mearic Suresi T\u00fcrk\u00e7e Meali Dinle<\/li>\n<li data-video-id=\"8rgi_lwXrko\">(71) Nuh Suresi T\u00fcrk\u00e7e Meali Dinle<\/li>\n<li data-video-id=\"yIHgnAc2xvg\">(72) Cin Suresi T\u00fcrk\u00e7e Meali Dinle<\/li>\n<li data-video-id=\"MHbAaF4uYOw\">(73) Muzzemmil Suresi T\u00fcrk\u00e7e Meali<\/li>\n<li data-video-id=\"qn4YmHDxwek\">(74) M\u00fcddessir Suresi T\u00fcrk\u00e7e Meali<\/li>\n<li data-video-id=\"jdx_fi5i6-Q\">(75) Kiyamet Suresi T\u00fcrk\u00e7e Meali<\/li>\n<li data-video-id=\"fPUSr2Gx5yg\">(76) Insan Suresi T\u00fcrk\u00e7e Meali<\/li>\n<li data-video-id=\"d99CARrg3K8\">(77) Murselat Suresi T\u00fcrk\u00e7e Meali<\/li>\n<li data-video-id=\"8BKSMoJASws\">(78) Nebe Suresi T\u00fcrk\u00e7e Meali<\/li>\n<li data-video-id=\"EvQ1LEOCcrU\">(79) Naziat Suresi T\u00fcrk\u00e7e Meali<\/li>\n<li data-video-id=\"LQ-uDaap3Kc\">(80) Abese Suresi T\u00fcrk\u00e7e Meali<\/li>\n<li data-video-id=\"kGcAXuhIBl4\">(81) Tekvir Suresi T\u00fcrk\u00e7e Meali<\/li>\n<li data-video-id=\"83ywTaLmTrc\">(82) Infitar Suresi T\u00fcrk\u00e7e Meali<\/li>\n<li data-video-id=\"8lys4nMKQPg\">(83) Mutaffifin Suresi T\u00fcrk\u00e7e Meali<\/li>\n<li data-video-id=\"2lNMy6WaU1k\">(84) Insikak Suresi T\u00fcrk\u00e7e Meali<\/li>\n<li data-video-id=\"jw5A_AJNrI4\">(85) Buruc Suresi T\u00fcrk\u00e7e Meali<\/li>\n<li data-video-id=\"enXjEgIl6kY\">(86) Tarik Suresi T\u00fcrk\u00e7e Meali<\/li>\n<li data-video-id=\"FuZLhDAb2FA\">(87) Ala Suresi T\u00fcrk\u00e7e Meali<\/li>\n<li data-video-id=\"ANIBIus4TS4\">(88) Gasiye Suresi T\u00fcrk\u00e7e Meali<\/li>\n<li data-video-id=\"qlPoyfTorag\">(89) Fecr Suresi T\u00fcrk\u00e7e Meali<\/li>\n<li data-video-id=\"RlM6nbTvSQw\">(90) Beled Suresi T\u00fcrk\u00e7e Meali<\/li>\n<li data-video-id=\"3i2aZKN6XNo\">(91) Sems Suresi T\u00fcrk\u00e7e Meali<\/li>\n<li data-video-id=\"7r9m1wuMpkU\">(92) Leyl Suresi T\u00fcrk\u00e7e Meali<\/li>\n<li data-video-id=\"auJt4ppquj8\">(93) Duha Suresi T\u00fcrk\u00e7e Meali<\/li>\n<li data-video-id=\"RZbEKo6fwc0\">(94) Insirah Suresi T\u00fcrk\u00e7e Meali<\/li>\n<li data-video-id=\"9j-JQCVpy18\">(95) Tin Suresi T\u00fcrk\u00e7e Meali<\/li>\n<li data-video-id=\"CaEUC3RRXsk\">(96) Alak Suresi T\u00fcrk\u00e7e Meali<\/li>\n<li data-video-id=\"ZOudROLQ8Bg\">(97) Kadr Suresi T\u00fcrk\u00e7e Meali<\/li>\n<li data-video-id=\"mzstF_HWEPc\">(98) Beyyine Suresi T\u00fcrk\u00e7e Meali<\/li>\n<li data-video-id=\"zs9w-pJm44g\">(99) Zilzal Suresi T\u00fcrk\u00e7e Meali<\/li>\n<li data-video-id=\"7opCuQHUlLM\">(100) Adiyat Suresi T\u00fcrk\u00e7e Meali<\/li>\n<li data-video-id=\"drIqGB1Ypmg\">(101) Karia Suresi T\u00fcrk\u00e7e Meali<\/li>\n<li data-video-id=\"w5xaqk63Kfs\">(102) Tekasur Suresi T\u00fcrk\u00e7e Meali<\/li>\n<li data-video-id=\"3Oe_a2-C-yE\">(103) Asr Suresi T\u00fcrk\u00e7e Meali<\/li>\n<li data-video-id=\"2toqqTi8foo\">(104) Humeze Suresi T\u00fcrk\u00e7e Meali<\/li>\n<li data-video-id=\"nGBWHjbtLCQ\">(105) Fil Suresi T\u00fcrk\u00e7e Meali<\/li>\n<li data-video-id=\"e2S826QPBQ4\">(106) Kureys Suresi T\u00fcrk\u00e7e Meali<\/li>\n<li data-video-id=\"aPCUeUJTX-c\">(107) Maun Suresi T\u00fcrk\u00e7e Meali<\/li>\n<li data-video-id=\"sn-Q2Mm55zQ\">(108) Kevser Suresi T\u00fcrk\u00e7e Meali<\/li>\n<li data-video-id=\"YQsyzLKC_70\">(109) Kafirun Suresi T\u00fcrk\u00e7e Meali<\/li>\n<li data-video-id=\"Ux8RlwgvvDI\">(110) Nasr Suresi T\u00fcrk\u00e7e Meali<\/li>\n<li data-video-id=\"vD0ZiT-CXqQ\">(111) Tebbet Suresi T\u00fcrk\u00e7e Meali<\/li>\n<li data-video-id=\"C6rm82xK5go\">(112) Ihlas Suresi T\u00fcrk\u00e7e Meali<\/li>\n<li data-video-id=\"6Zh0xDuXnVs\">(113) Felak Suresi T\u00fcrk\u00e7e Meali<\/li>\n<li data-video-id=\"RiI4s7jRx7Q\">(114) Nas Suresi T\u00fcrk\u00e7e Meali<\/li>\n        <\/ul>\n    <\/div>\n<\/div>\n\n<script>\n    var player;\n    var isPlaying = false;\n    var lastPosition = 0;\n\n    function onYouTubeIframeAPIReady() {\n        player = new YT.Player('youtube-player', {\n            height: '0',\n            width: '0',\n            videoId: '1dU6tHqzpfI',\n            playerVars: {\n                'autoplay': 0,\n                'controls': 1,\n                'enablejsapi': 1\n            },\n            events: {\n                'onReady': onPlayerReady,\n                'onStateChange': onPlayerStateChange\n            }\n        });\n    }\n\n    function onPlayerReady(event) {\n        updateSeekBarMax(); \/\/ Videoyu haz\u0131r oldu\u011funda \u00e7ubu\u011fu g\u00fcncelle\n        setInterval(updateSeekBar, 1000); \/\/ Her saniye \u00e7ubu\u011fu g\u00fcncelle\n    }\n\n    function onPlayerStateChange(event) {\n        if (event.data == YT.PlayerState.PAUSED) {\n            lastPosition = player.getCurrentTime();\n            isPlaying = false;\n            $('#play-btn').text('Ba\u015flat');\n            $('#status').text('Durduruldu');\n        } else if (event.data == YT.PlayerState.PLAYING) {\n            isPlaying = true;\n            $('#play-btn').text('Durdur');\n            $('#status').text('Oynat\u0131l\u0131yor');\n        } else if (event.data == YT.PlayerState.ENDED) {\n            isPlaying = false;\n            $('#play-btn').text('Ba\u015flat');\n            $('#status').text('Bitti');\n\n            \/\/ Bir sonraki elemana ge\u00e7\n            var currentItem = $('#playlist li.active');\n            var nextItem = currentItem.next('li');\n            if (nextItem.length > 0) { \/\/ E\u011fer bir sonraki eleman varsa\n                currentItem.removeClass('active');\n                nextItem.addClass('active');\n                var nextVideoId = nextItem.data('video-id');\n                player.loadVideoById(nextVideoId);\n                lastPosition = 0;\n                updateSeekBarMax();\n            }\n        }\n    }\n    \/\/ Seek bar'\u0131n maksimum de\u011ferini videonun s\u00fcresine g\u00f6re g\u00fcncelle\n    function updateSeekBarMax() {\n        var duration = player.getDuration();\n        $('#seek-bar').attr('max', duration);\n    }\n\n    \/\/ Seek bar'\u0131 videonun mevcut pozisyonuna g\u00f6re g\u00fcncelle\n    function updateSeekBar() {\n        if (isPlaying) {\n            var currentTime = player.getCurrentTime();\n            $('#seek-bar').val(currentTime);\n        }\n    }\n\n    $(document).ready(function() {\n        $('#playlist li:first-child').addClass('active');\n\n        \/\/ Ba\u015flat\/Durdur butonu\n        $('#play-btn').on('click', function() {\n            if (isPlaying) {\n                player.pauseVideo();\n            } else {\n                player.playVideo();\n            }\n        });\n\n        \/\/ Kald\u0131\u011f\u0131 yerden devam et butonu\n        $('#resume-btn').on('click', function() {\n            player.seekTo(lastPosition);\n            player.playVideo();\n        });\n\n        \/\/ Ba\u015ftan ba\u015flat butonu\n        $('#restart-btn').on('click', function() {\n            player.seekTo(0);\n            player.playVideo();\n        });\n\n        \/\/ Seek bar ile videoyu kontrol et\n        $('#seek-bar').on('input', function() {\n            var seekToTime = $(this).val();\n            player.seekTo(seekToTime);\n        });\n\n        \/\/ Playlist'ten video se\u00e7me\n        $('#playlist li').on('click', function() {\n            $('#playlist li').removeClass('active');\n            $(this).addClass('active');\n            var videoId = $(this).data('video-id');\n            player.loadVideoById(videoId);\n            lastPosition = 0;\n            updateSeekBarMax(); \/\/ Yeni video i\u00e7in \u00e7ubu\u011fu g\u00fcncelle\n        });\n    });\n<\/script>\n\n<\/body>\n<\/html>\n\n\n\n\n\n\n\n\n\n<script async src=\"https:\/\/pagead2.googlesyndication.com\/pagead\/js\/adsbygoogle.js?client=ca-pub-9920575454273944\"\n     crossorigin=\"anonymous\"><\/script>\n<!-- dikey -->\n<ins class=\"adsbygoogle\"\n     style=\"display:block\"\n     data-ad-client=\"ca-pub-9920575454273944\"\n     data-ad-slot=\"8576346984\"\n     data-ad-format=\"auto\"\n     data-full-width-responsive=\"true\"><\/ins>\n<script>\n     (adsbygoogle = window.adsbygoogle || []).push({});\n<\/script>\n\n","protected":false},"excerpt":{"rendered":"<p>YouTube Playlist Player Ba\u015flat Ba\u015ftan Ba\u015flat Durduruldu (1) Fatiha Suresi T\u00fcrk\u00e7e Meali Dinle (2) Bakara Suresi T\u00fcrk\u00e7e Meali Dinle (3) Ali imran Suresi T\u00fcrk\u00e7e Meali Dinle (4) Nisa Suresi T\u00fcrk\u00e7e Meali Dinle (5) Maide Suresi T\u00fcrk\u00e7e Meali Dinle (6) En-am Suresi T\u00fcrk\u00e7e Meali Dinle (7) Araf Suresi T\u00fcrk\u00e7e Meali Dinle (8) Enfal Suresi T\u00fcrk\u00e7e Meali &hellip; <\/p>\n<p><a class=\"more-link btn\" href=\"http:\/\/www.seslikuranmeali.com\/index.php\/turkce-kuran-meali\">Devam\u0131n\u0131 oku<\/a><\/p>\n","protected":false},"author":1,"featured_media":0,"parent":0,"menu_order":0,"comment_status":"closed","ping_status":"closed","template":"","meta":{"footnotes":""},"aioseo_notices":[],"_links":{"self":[{"href":"http:\/\/www.seslikuranmeali.com\/index.php\/wp-json\/wp\/v2\/pages\/6"}],"collection":[{"href":"http:\/\/www.seslikuranmeali.com\/index.php\/wp-json\/wp\/v2\/pages"}],"about":[{"href":"http:\/\/www.seslikuranmeali.com\/index.php\/wp-json\/wp\/v2\/types\/page"}],"author":[{"embeddable":true,"href":"http:\/\/www.seslikuranmeali.com\/index.php\/wp-json\/wp\/v2\/users\/1"}],"replies":[{"embeddable":true,"href":"http:\/\/www.seslikuranmeali.com\/index.php\/wp-json\/wp\/v2\/comments?post=6"}],"version-history":[{"count":20,"href":"http:\/\/www.seslikuranmeali.com\/index.php\/wp-json\/wp\/v2\/pages\/6\/revisions"}],"predecessor-version":[{"id":454,"href":"http:\/\/www.seslikuranmeali.com\/index.php\/wp-json\/wp\/v2\/pages\/6\/revisions\/454"}],"wp:attachment":[{"href":"http:\/\/www.seslikuranmeali.com\/index.php\/wp-json\/wp\/v2\/media?parent=6"}],"curies":[{"name":"wp","href":"https:\/\/api.w.org\/{rel}","templated":true}]}}